or of k and w?
11
Let q be (-1 + 2)/1 + 2. Suppose 5*v - u + 4 = -7, u = 4*v + 9. Let n be v*(0 + 0 - 1). What is the greatest common factor of n and q?
1
Let m be (36/(-14))/(2/(-14)). Suppose 4*q + m = b + 2*b, 3*b - 3*q = 21. What is the greatest common divisor of b and 40?
10
Suppose 507 - 132 = 5*z. Let t = z - 51. What is the highest common factor of 3 and t?
3
Suppose -6*b + 3*b = -u + 90, -3*u + 3*b + 240 = 0. What is the greatest common factor of 30 and u?
15
Suppose 20 = 4*t - 0. Let c = -142 + 144. Calculate the highest common divisor of c and t.
1
Let w be ((-12)/(-5)*3)/(6/20). Calculate the greatest common factor of 48 and w.
24
Let k = 142 + -4. What is the highest common factor of 46 and k?
46
Let r be (3 - (0 - 3)) + -1. Suppose r*n + 330 - 1170 = 0. Calculate the highest common factor of 24 and n.
24
Let m(d) = -14*d - 6 - 13 + 5*d + 8. Let q be m(-9). Calculate the highest common factor of q and 14.
14
Let j be ((-67)/2)/((-1)/4). Suppose j = 2*a - 46. What is the highest common divisor of 10 and a?
10
Let h be 4/(-10) - (-17)/5. Suppose 3*w - 36 = -6*r + 3*r, h*w = 9. What is the greatest common divisor of 72 and r?
9
Suppose -3*m + 0*m = 9. Let g = m - -19. Suppose -4*n + k = -13, 2*k + 2*k - g = -n. What is the greatest common factor of n and 44?
4
Let z be -17*(-2 + -1)/3. Calculate the highest common factor of z and 17.
17
Let g = 300 - 200. What is the greatest common divisor of 50 and g?
50
Suppose -5*z = -3*d + 739 - 54, 5*d + 3*z = 1085. Calculate the highest common factor of d and 20.
20
Suppose -22 = -4*u + 18. Suppose 2*c + 2*w = -8, -5*c + u = -0*w - w. Suppose -b - c = -11. What is the highest common divisor of 5 and b?
5
Let q = 11 + -3. Suppose p = -3*i + 13, 0 = 4*i - q*i + 5*p - 8. Let n = 17 + i. What is the greatest common divisor of 5 and n?
5
Let r = 13 + -8. Calculate the greatest common divisor of 1 and r.
1
Let r = -9 + 11. Suppose 0 = y - 0*t + r*t - 22, 2*y = 5*t + 8. Calculate the highest common divisor of 14 and y.
14
Let f = 63 + 127. Suppose -g + f = 14. Calculate the greatest common factor of 16 and g.
16
Suppose -2*d + 135 = 7*d. What is the greatest common factor of d and 15?
15
Let r be 166/14*2 + 24/84. What is the greatest common factor of r and 192?
24
Let b be 6/(-4)*(-532)/21. What is the highest common divisor of 57 and b?
19
Let z(u) = -u**3 + 10*u**2 + 11*u + 12. Let j be z(11). Calculate the greatest common factor of 132 and j.
12
Let r(u) = -u**2 - 4*u + 2. Let m be r(-4). Suppose 120 = 3*i + 2*l, i + 4*i - m*l = 216. What is the highest common factor of 21 and i?
21
Suppose 3*r - 7*r + 8 = 0. Suppose 0*p - 2 = -r*p. Let y be 3/(3/5) - p. What is the highest common divisor of y and 28?
4
Let f be 1*-1 + 39/3. Suppose 7*q = 3*q + f. Suppose 0 = 2*v + 8, -16 + 229 = 3*h + q*v. Calculate the greatest common factor of 30 and h.
15
Let g(z) = -z + 54. Let j be g(6). What is the greatest common factor of j and 16?
16
Let v(p) = 10*p - 4. Let m be v(7). What is the greatest common divisor of m and 6?
6
Suppose 0*i = -2*i + 216. Let l be (i/(-8))/(9/(-12)). Let f be (0 - 5)/((-2)/l). Calculate the greatest common divisor of 18 and f.
9
Suppose 0 = -3*n + 3, 4*n = 4*c - n + 5. Suppose 2*i - 4 - 16 = c. Calculate the highest common factor of 30 and i.
10
Let q = 60 + -6. Let n = q - 31. What is the greatest common factor of n and 161?
23
Let v be 1/3 + 11/3. Suppose w = -4 - v. Let s = 2 - w. Calculate the greatest common divisor of s and 15.
5
Let c(m) = 4*m - 19. Let q be c(6). Calculate the greatest common divisor of q and 65.
5
Let u be (-1)/((-4)/(-92)*-1). What is the highest common factor of u and 69?
23
Let y = 2 + 0. Suppose y*b = b + 4. Suppose -v = -27 - 17. Calculate the greatest common factor of v and b.
4
Let k = -27 + 40. Let d = 0 + k. What is the highest common divisor of 91 and d?
13
Let n = 42 - 29. Let m = n - -2. Calculate the greatest common divisor of m and 60.
15
Let x(p) = p**3 + 6*p**2 + 2*p - 5. Let b be x(-5). Suppose 35 = 11*w - b*w. What is the highest common factor of 7 and w?
7
Let y(b) = -b**2 + 5*b + 3. Suppose -30 = 3*o - 8*o. Let s be y(o). Let d be -1*1/s*9. Calculate the highest common factor of d and 1.
1
Let y = 28 - 25. Suppose -y*g + 3 = -6. Calculate the highest common divisor of g and 6.
3
Let j(o) = 2*o**2 - 19*o - 52. Let r be j(16). Calculate the highest common factor of 39 and r.
39
Suppose 6 = 4*y - 10. Suppose 5*x = y*u - u - 75, x + 37 = 5*u. Let c = 18 + x. Calculate the greatest common factor of 3 and c.
3
Let v(z) = 8*z**2 + z - 1. Let k be v(1). Suppose -o - o = -k. Let n be o/12*1*6. What is the highest common factor of 10 and n?
2
Let c be 234/(-1)*10/(-20). Let n = 4 + 9. Calculate the greatest common factor of n and c.
13
Let h = -5 + 8. Let n be 3*(-2 - (-20)/4). Calculate the greatest common factor of n and h.
3
Suppose c - 2*g + 10 = -15, 4*g + 49 = -c. Let p = 69 + c. Let h = -17 - -41. What is the greatest common factor of h and p?
12
Suppose -s - 2 = -2*v, -s + v - 3*v = -10. Calculate the greatest common divisor of s and 32.
4
Suppose -5*f + 67 = h + 3*h, 2*h = 4*f + 14. Let t = 280 - 189. What is the greatest common factor of h and t?
13
Suppose 9*b = 4*b + 30. Let v be 664/b - 12/18. Calculate the highest common factor of v and 10.
10
Suppose 6*h = 283 + 1337. What is the highest common divisor of 10 and h?
10
Suppose 2*v - 72 = v. What is the greatest common factor of v and 9?
9
Suppose -2*w + 123 = -3*u, 19 + 94 = 2*w - u. Let q = 94 - w. Calculate the highest common factor of 5 and q.
5
Let u(i) = -i**3 - i**2 + 2*i. Let j be u(-3). Suppose z - j = -z. Let d be 18/8 + (-2)/8. What is the highest common divisor of d and z?
2
Let k(i) = i**2 - 8*i - 1. Let u be k(-11). Calculate the highest common factor of u and 26.
26
Suppose -3*m - 2*m = -10. Let i(f) = f**2 + f + 6. Let g be i(0). Calculate the highest common divisor of m and g.
2
Suppose 3*y = -2*y + 50. Let o = y - -68. Let v = -51 + o. What is the highest common factor of v and 3?
3
Let o(l) = -3*l**2 - 21*l + 8. Let w be o(-7). What is the greatest common divisor of w and 104?
8
Let k be (-10)/(-3)*(-6)/(-4). Suppose -2*f - k = -7*f. Let n = -3 - -14. What is the greatest common divisor of f and n?
1
Suppose -f - 14 + 42 = 2*d, -4*f = 4*d - 64. Suppose 5*s + 3*y - 480 = 0, 3*s = -2*y - y + 288. What is the greatest common factor of d and s?
12
Let j be (52/16)/((-2)/8). Let v = 123 + j. Let a be ((-6)/(-4))/((-6)/(-40)). Calculate the highest common factor of v and a.
10
Let j(w) be the third derivative of -w**4/24 + 3*w**2. Let r be j(-7). What is the greatest common factor of 21 and r?
7
Let w be (-1)/(-4) - 440/(-32). Suppose 0 = -2*q + 5*q - 294. Calculate the highest common factor of w and q.
14
Suppose 2*m = 11 - 3. Calculate the highest common factor of m and 28.
4
Suppose 2*v + 800 = 12*v. Calculate the highest common factor of 10 and v.
10
Suppose -h - 34 = 4*y + h, -3*y = -3*h + 21. Let j = 6 - y. What is the highest common factor of 2 and j?
2
Let f be (-2)/6 + 80/24 - -21. What is the highest common factor of f and 3?
3
Suppose 3*o - 9 = -4*k, 0*o = 5*o + 3*k - 26. Let g = o - 4. Calculate the highest common divisor of 3 and g.
3
Let d be 51/3 - (2 - -2). Calculate the highest common factor of 91 and d.
13
Let y = -6 - -8. Suppose -2*h + 0 = i - 14, -2*h - y = 0. Suppose 0 = 2*c - 4*c + 16. Calculate the highest common factor of c and i.
8
Suppose -5*m - 1 = -4*m + 3*z, m + 3 = -4*z. What is the greatest common divisor of 15 and m?
5
Let i(o) = 5*o**2 + o. Let l be i(2). Suppose -2*m = -4*x - 8, 0*m + 3*x = 2*m - 7. Calculate the greatest common divisor of m and l.
2
Suppose -82 = -3*v + 146. Let f = v - 160. Let y = 124 + f. What is the highest common factor of 100 and y?
20
Let v(c) = 5*c - 2. Let o be v(2). Let g = 27 + -15. What is the highest common divisor of o and g?
4
Let b = -33 - -56. Suppose 2*n + 3*w - b = 3, 0 = -4*n + 4*w + 72. Let g(l) = -l**2 + 2*l + 4. Let y be g(2). Calculate the highest common factor of y and n.
4
Let i = 4 + -5. Let f be (-1*(2 - 1))/i. Let r be 9/(2 + -1)*f. Calculate the greatest common divisor of 6 and r.
3
Let z(i) = -2*i**3 + i + 1. Let o be z(-1). Suppose 2*v + 3 - 1 = 0. Let p(n) = -11*n - 1. Let r be p(v